 + 11 + 7. Let m = 9 + b. Determine j(m).
-5
Let l(c) = -c - 12. Let w(a) = a - 9. Suppose -10 = -4*j + 6. Let t be w(j). What is l(t)?
-7
Let i(y) be the first derivative of -y**3/6 - y**2/2 + 7*y + 5. Let v(j) be the first derivative of i(j). What is v(-5)?
4
Let b(v) = 3*v - 7. Let i be 5 - (2/4 - 3/2). Give b(i).
11
Let o = -30 - -32. Let l be (2/(-5))/(1/(-5)). Let w(h) = 3*h**2 - h - h**2 + 2*h - l. Calculate w(o).
8
Suppose 2*i = -j + 2, -4*j - 3*i + 8*i + 34 = 0. Let l(q) = -3*q**2 - 2 + 2*q**2 - 3 - 7*q**3 + q + j*q**3. Calculate l(0).
-5
Suppose 4*g = 8*g - 8. Let b(o) = o**3 + 0*o + 5*o**g - o + 4 - 4*o. Give b(-6).
-2
Suppose -x + 5 = 8. Let o(t) = 0 + 2*t + t**2 + 0. Let q be o(x). Let p(m) = m + 4. What is p(q)?
7
Suppose 5*f - 5*k - 35 = 0, k = 3*f - 8*f + 29. Let u(d) be the third derivative of -d**5/60 + d**4/4 + d**3 + 2*d**2. Determine u(f).
6
Let a(n) = -n**2 + 5*n. Let g(z) = -z**3 - 5*z**2 + 8*z + 5. Let y be g(-6). Let d = y + 15. Suppose o - d = -o. Give a(o).
4
Let n(l) = -4*l**3 - 18*l**2 + 18*l. Let k(h) be the second derivative of -h**5/20 - h**4/2 + h**3 - 2*h. Let d(y) = -7*k(y) + 2*n(y). Determine d(5).
-5
Let v(r) = -5*r - 2. Suppose 0 = 2*s - 3*s + 6. Let z(h) = -h + 3. Let u be z(s). What is v(u)?
13
Let w(x) = 11*x**2 + 9*x. Suppose p = -0*p + 2, 0 = -4*c + 4*p + 28. Let d(j) = 5*j**2 - 4*j + 4*j + 4*j. Let z(q) = c*d(q) - 4*w(q). Determine z(-3).
9
Let j(z) be the second derivative of 0*z**2 - 1/120*z**5 + 0 + 1/6*z**3 - 1/8*z**4 - z. Let m(r) be the second derivative of j(r). What is m(0)?
-3
Let d(p) = 94*p**2 - 1 - 2 - 89*p**2 - 2*p - p**3. Calculate d(4).
5
Let g(n) = 2*n**2 - 4*n + 5. Let v be (-6)/2 + 2 - -3. Give g(v).
5
Let z be 5/10*(-2)/(-1). Let u(k) = -2 - z + 0 + k. Give u(5).
2
Let i(h) = h**2 + 4*h - 8. Let t(r) = -8*r**3 - r**2 - r + 2. Let g be t(1). Determine i(g).
24
Let l(a) be the third derivative of 7*a**5/60 - a**3/6 - a**2. Let f = -14 + 8. Let v be ((-14)/(-21))/(4/f). Give l(v).
6
Suppose 3*d - 3*o + 13 = -o, 2*d - 4*o = -14. Let r(x) = -2*x**2 - 3*x + 3. Determine r(d).
-6
Suppose -2*c + 5*s + 5 = -7, s + 1 = -c. Let r(k) = 7*k**2 - k + 1. What is r(c)?
7
Let y(d) = -d**2 + 5*d. Let o be y(5). Let h(c) = c - 6. What is h(o)?
-6
Let r(o) = o**2 + o - 4. Let v(y) = -y**3 - 4*y**2 + 4*y - 2. Let i be v(-5). Let s = i + -3. Let d = s - 0. Give r(d).
-4
Suppose 77 - 17 = 5*u - c, -u + 12 = 3*c. Suppose 0 = 2*v + f + u, 0 = -4*v + 5*f + 4. Let w(n) = n + 6. Calculate w(v).
2
Let d(b) = b. Let c(i) = -4*i - 2. Let m(l) = -c(l) - 5*d(l). Let f be (2/1)/4*0. Let w be m(f). Let j(k) = k**3 - 2. Give j(w).
6
Let l(u) = -u + 3. Suppose -4 = 4*a - 5*a. Suppose k = -a*k. What is l(k)?
3
Let j be -3*2/(-6) + 2. Let q(g) = 2 + g**2 - 8*g**j - 1 - 2*g**2. Determine q(1).
-8
Let s(d) = d**3 - 4*d**2 + d + 2. Suppose -4 = -5*i + 6. Suppose -i*g + 12 = 2*g. What is s(g)?
-4
Suppose 0 = 23*v - 56 - 13. Let g(y) = y - 1 - 4 + 6. Let j(n) = 2*n**2 + 3*n + 7. Let f(i) = 6*g(i) - j(i). Determine f(v).
-10
Let k(p) = -7*p - 7. Let i(g) = -g. Let l(a) = 5*i(a) - k(a). What is l(-7)?
-7
Let i(r) be the first derivative of -r**6/120 - r**5/15 - 5*r**3/6 - r**2 + 1. Let v(p) be the second derivative of i(p). Calculate v(-4).
-5
Let p be (1/1)/(-1*1). Let k(v) = -4*v. Let b be k(-1). Let g(h) = 0*h**2 - b*h**2 - h - 3*h**2. What is g(p)?
-6
Let w(m) = 4 + m**2 - 15*m + 6*m + 12*m + 0*m**3 - m**3. Let q be 6/((-2)/(-4) - -1). Suppose -i - q = -7. Determine w(i).
-5
Let l(d) = -5*d**2 - 35*d + 30*d + 4*d**2 + 3. Let w = 4 - 9. What is l(w)?
3
Let r(z) = -z**3 - 4*z**2 - z - 2. Let n be r(-4). Let k(j) = -3 + j**2 + j**n + 2. Give k(-2).
7
Suppose -27 = 3*n - 42. Let m(y) = -y + 9. Give m(n).
4
Let y(r) = 4*r**2 - 2*r + 3*r - 2*r**2. Let i(o) = o**2 + 7*o + 5. Let s be -10 + 4/2 + 2. Let p be i(s). Give y(p).
1
Let j(a) = a**3 + 4*a**2 - 4*a - 2. Let u = -27 + 27. Suppose u = 2*w + 6 + 4. What is j(w)?
-7
Let s(j) be the first derivative of j**5/120 - 5*j**4/24 + j**3/3 - 1. Let n(o) be the third derivative of s(o). Let y be 2/(-3) + 28/6. Give n(y).
-1
Suppose x + 6 = 3*f, -2*x - x + 8 = 4*f. Let a(h) = 1 + h + 0*h**3 + 2*h**f - 3*h - 4*h**3 + 7*h**3. What is a(1)?
4
Suppose -3*z - o = -28, -6*z = -4*z + 3*o - 28. Let g = 20 - z. Suppose -g = -4*f - 0. Let n(b) = -b - 4. Determine n(f).
-7
Let t(x) = -x**2 - 14*x - 39. Let g be t(-10). Let y(k) = -22*k**2 - k. What is y(g)?
-23
Let d(o) be the second derivative of -1/20*o**5 + 3*o + 0 + 0*o**4 + 2*o**2 + 0*o**3. Determine d(0).
4
Let d(r) = r + 5. Let s be 2*-1 - (-5 - 0). Let i be 34/(-10) + s/(-5). Determine d(i).
1
Let k(z) be the first derivative of z**3/3 + 2*z**2 - 4*z + 4. Determine k(-4).
-4
Let k(g) = -3*g - 3. Let i be k(-2). Let d(j) be the third derivative of j**6/120 - j**5/20 - j**4/8 + j**3/2 + 2*j**2. What is d(i)?
-6
Let f(t) = t + 1. Let g(w) be the second derivative of w**4/12 - 3*w**2/2 - w. Let o(a) = -3*f(a) - g(a). Calculate o(-4).
-4
Let b(p) = p**2 - 5*p + 4. Let c(m) = 2*m**2 - 10*m + 7. Let t(k) = 7*b(k) - 3*c(k). Determine t(6).
13
Suppose 4*m - p - 6 = -2*p, 2*p - 6 = -2*m. Let w = 1 + m. Let d(y) = -2*y + 2*y**2 + 6*y - 2*y + w. Calculate d(-2).
6
Let j be (-6)/18 + (-3)/(-9). Let x(o) = o**2 - o - 13. Determine x(j).
-13
Suppose 13 = -3*z - 2*v, 0 = z + 2*z + v + 8. Let q = 0 + z. Let o(j) be the second derivative of j**5/5 + j**4/12 + 13*j. Determine o(q).
-3
Let t(k) = -10*k - 10. Let f(i) = -3*i - 3. Let h(d) = -21*f(d) + 6*t(d). Let r be 39/2 - (-5)/(-10). Suppose 0 = -5*v - 6 - r. What is h(v)?
-12
Let g(b) = -b - 3. Let y be g(-8). Let v(s) be the third derivative of -s**2 + 0 - 1/120*s**6 + 0*s**3 + 0*s**y + 0*s + 1/24*s**4. Give v(2).
-6
Let y(a) be the third derivative of a**2 + 1/2*a**3 + 0 + 0*a + 1/24*a**4. Let g be -1 + -3 + 0 + 0. Give y(g).
-1
Let j(z) = -4*z + 5. Suppose -6 = -4*i - 2. Let g(q) = q - 1. Let y(x) = i*j(x) + 5*g(x). Determine y(-3).
-3
Let b(n) = n**2 - n - 1. Suppose -5*d + 7 = 3*w, 4*d - 4*w - 8 = -7*w. What is b(d)?
1
Let k(y) = 4*y**3 - 7*y**2 + 10 - 7*y - 3*y**3 - 21. Calculate k(8).
-3
Let a(c) = -c**2 - 24*c - 45. Let h be a(-22). Let l(o) be the third derivative of o**6/15 - o**4/12 - o**3/6 - o**2. Determine l(h).
-7
Suppose -3*b - w - 5 = 0, 0 = -b + 5*b + 3*w + 5. Let m(l) = -l**3 + l**2 + l. Let n(r) = 9*r**3 - 2*r**2 - 5*r - 2. Let x(z) = 6*m(z) + n(z). What is x(b)?
-12
Let u(m) = 3*m. Suppose 0 = -5*z + 5, 0 = -7*p + 6*p - z + 3. Calculate u(p).
6
Let b(h) = -2*h - 1. Suppose a = 65 - 23. Let r be (-2)/6*a/7. Calculate b(r).
3
Let p(l) be the first derivative of 6*l + 2 + 2*l**3 + 1/4*l**4 + 3*l**2. Let d(o) = -o**2 + 2*o + 3. Let u be d(4). What is p(u)?
1
Suppose 0 = -0*v + 4*v + 4. Let x be ((-3)/(-6))/(v/4). Let b(p) = -p - 1. Calculate b(x).
1
Suppose -3*j - 2*j + 15 = 0. Let x(l) = -5 - j*l**3 + 5*l - l**2 - 4*l + 5. Calculate x(1).
-3
Let q(z) = z - 3. Let d be q(5). Let b(m) = -3*m**d + 4*m + m + 6 - m**2 + 3*m**2. Let v(i) = i**2 + 2*i - 3. Let x be v(-4). Calculate b(x).
6
Let a(z) = z**3 - 6*z**2 - 8. Suppose 5*v - 4 = -x - 3, -x - 4*v + 2 = 0. What is a(x)?
-8
Let h = 3 + -1. Let j(p) = -7*p + 4. Let w(x) = -4*x + 2. Let n(f) = 3*j(f) - 5*w(f). Determine n(h).
0
Suppose 0 = 4*w - w - 42. Suppose 6*x = 4*x + w. Suppose 5*t - 25 = -5*i, 2*t - 10 = x*i - 2*i. Let n(p) = -p**2 - 2. Give n(i).
-2
Let j(m) = m - 3. Let r be j(4). Let c(n) be the second derivative of -7*n**5/20 + n**4/12 - n**3/6 + n**2/2 - n. Give c(r).
-6
Let q = -40 - -48. Let r(p) = p**3 - 9*p**2 + 8*p - 12. Calculate r(q).
-12
Let t(n) = -n - 7. Let r be t(-4). Let i(f) be the second derivative of f**3/6 + f**2 + f. Determine i(r).
-1
Suppose -3 = 3*k - 12. Let i(w) = 3 + 5*w - k - 4*w. Let a = 3 + 3. Give i(a).
6
Let z(l) be the first derivative of 2 - 1/2*l**2 + 0*l. Give z(-6).
6
Let v(j) = j**3 - j + 1. Let g(q) = -3*q**3 + 7*q**2 - 4*q - 10. Let i(p) = g(p) + 4*v(p). Let w be i(-8). Let d(f) = -f - 6. Calculate d(w).
0
Let m be ((-8)/6)/(14/21). Let r(o) = -o**3 - 2*o**2 - 2*o + 1. Give r(m).
5
Let n(x) be the second derivative of -x**7/2520 + x**6/180 + x**5/40 + x**4/6 - x. Let l(t) be the third derivative of n(t). Let f = 3 + 1. Calculate l(f).
3
Let t(k) = -k**3 - k + 7. Let z be 364/18 + 4/(-18). 